b - 6 = -g + 5. What is the units digit of g?
1
Let o(n) = 7*n**3 - n**2 + 11*n + 11. Let t(g) = g**3 + g**2 + g + 1. Let z(i) = -o(i) + 6*t(i). What is the units digit of z(6)?
1
Let o(s) = s**3 + 3*s**2 + 1. Let t be o(-2). Suppose 3*w - k - 17 = 0, -t*w = 3*k + 8 - 41. What is the units digit of w?
6
Let f(w) = -w**2 - 8*w - 7. Let b be f(-6). Suppose 2*x - 1 = b*z, 0 = -3*x + 2*x - 4*z + 33. Let l = 21 - x. What is the units digit of l?
8
Let d be 42/10 + (-2)/10. Suppose 0*g - 145 = -d*t - 5*g, 0 = -t + g + 43. Suppose -2*a + 4*m = 0, -a + 2*m = -4*a + t. What is the units digit of a?
0
Let u(q) = -2*q**3 + q**2. What is the tens digit of u(-2)?
2
Let z be (0/(-5))/(-1*1). Suppose z*g - g = -13. What is the units digit of g?
3
Suppose 3*y = 5*s - 2*y - 305, -s = -3*y - 65. Suppose -s + 11 = -3*p. What is the tens digit of p?
1
Let y = -10 + 10. Suppose -c + 4*b - 5 = y, 4*c - 59 = -3*b - 3. What is the units digit of c?
1
What is the units digit of (-5)/(-1*(0 + 1))?
5
Let o(b) = b**2 - 9*b - 12. Let p be o(9). Let j be (-90)/(-27)*p/5. What is the units digit of (-1 + -5)*12/j?
9
Let p be (-2)/((-4)/10) + 1. Suppose -4*w = -3*a - 18, 3*w = 2*a + p*w - 5. What is the units digit of (a/(-2))/(2/12)?
6
Let i(b) = b**2 + 7*b + 3. Let u be i(-6). Let l = u - -9. What is the units digit of l?
6
Let p(j) = -j**3 - 7*j**2 - j. Let f(s) = s**3 + 8*s**2 + 2*s. Let b be (-1 + 10)*8/(-12). Let h(d) = b*p(d) - 5*f(d). What is the units digit of h(-3)?
3
Let s(f) = -5*f**3 + 2*f**2 + 3*f. Let a be s(-3). Suppose -2*x - 5*i + 60 = 0, -i - a = -4*x + i. What is the tens digit of x?
3
Let m be (1 - 2)*(-2)/(-2). Let q be 2*m/2 - 1. What is the tens digit of 93/9 - q/(-6)?
1
Suppose m = -5*f + 851, -f - 3*f - 3*m + 683 = 0. What is the hundreds digit of f?
1
Let x(i) = -12*i. What is the tens digit of x(-1)?
1
Suppose -w + 74 = -5*w - 3*a, -5*w - 2*a = 96. Let k = 29 + w. What is the units digit of k?
9
Let c be (-2)/(-2 - (-36)/15). Suppose 5*b - 3*j - 59 = -2*j, 5*j = 3*b - 31. Let x = b + c. What is the units digit of x?
7
Suppose -5*x = -2*x - 3. Let i(s) = 2 - 4*s**2 - x + 5*s**2 - 4*s. What is the units digit of i(5)?
6
Let v = -11 + 10. Let x = v + 17. What is the tens digit of x?
1
Suppose -5*c + 12 = -n, -n - 3*c + 52 = 4*n. Let i be n/(-10)*30/(-12). Suppose 5*g = 2*y - 3*y + 58, i*y = 2*g - 16. What is the tens digit of g?
1
Suppose -3*d + 97 = 4*i - 150, -3*i = 5*d - 419. What is the tens digit of d?
8
Let d = -6 + 8. Suppose h - q = -d, -4*h + q = -0*q - 1. What is the units digit of h?
1
Let f = -5 - -6. What is the units digit of 9*(f/3 + 0)?
3
Let w = 81 - 40. What is the tens digit of w?
4
Let n be (-1 - 6/(-4))*6. Let y be n + 17 + 4/(-2). Suppose 4*g = g + y. What is the units digit of g?
6
Let v(k) = 7*k**2 - 3*k + 10. Let z(t) = -t**2 - 1. Let a(h) = v(h) + 6*z(h). What is the units digit of a(3)?
4
Suppose 30 = x + n, 4*n + 149 = 4*x + 5. What is the tens digit of x?
3
Let q be 5/((-15)/8)*-9. Let r be 6/(-4)*160/q. Let p(l) = -l - 9. What is the units digit of p(r)?
1
Let a(v) = 5*v. Let o = -13 - -18. Let x(f) = -f**2 + 11*f + 1. Let k(z) = o*a(z) - 2*x(z). What is the units digit of k(-3)?
7
Let m(r) = 3*r - 2. Let q be m(6). Let c = -11 + q. Suppose k - 3*w = 0, -c*k - w + 30 = -6*w. What is the units digit of k?
9
Let d(h) = -h**3 - 7*h**2 - h - 10. Let q be d(-7). What is the tens digit of q*(-11)/3 + 1?
1
What is the tens digit of 12/60 - 218/(-10)?
2
Let i(o) = -o**2 + 7*o - 7. Let z = 0 - -6. Let t be i(z). What is the units digit of ((-1 - 2) + 2)*t?
1
Suppose 22 = 2*f - 5*f + i, 4*f + 16 = 4*i. Let h(n) = n**3 + 10*n**2 + 6*n - 11. Let r be h(f). What is the units digit of r/1 - (-2 + 4)?
4
Let f = -2 + 3. Suppose s - f = 2*t - 0, 5*t - s = 5. What is the units digit of t?
2
Let l be 1 + 6*(-4)/(-8). Suppose l*f + 23 = 5*f. What is the units digit of f?
3
What is the tens digit of 40 - -9 - (-1 - 1)?
5
Let d = -1 + -1. Let n(x) be the first derivative of -2*x**2 - 3*x + 1. What is the units digit of n(d)?
5
Let y = 4 - 7. Let g = y + 9. What is the units digit of g?
6
Suppose -2*q + 4 = 2*q - 2*z, 13 = -5*q - 2*z. Let j be 0 + (q - 1) - -3. Let u = 2 - j. What is the units digit of u?
1
What is the tens digit of (0 - -40)*2*1/2?
4
Let k(a) = -12*a - 1. Let j be k(1). Let f = -6 - j. What is the units digit of f?
7
Let y(s) = -8*s**3 - s**2 - s - 1. Let r be y(-1). Let n = 24 + -22. Suppose n*z = 9 + r. What is the units digit of z?
8
Let m(x) = -x**2 + 10*x + 12. What is the units digit of m(11)?
1
Let o(q) = -q**3 - 3*q**2 - 2*q + 1. Let p be o(-3). Suppose -3 - p = -i. What is the units digit of i?
0
Let f(z) = -z**2 - 3*z. Let t(b) = -3*b. Let i be t(2). Let g be f(i). Let d = -11 - g. What is the units digit of d?
7
Suppose -13*x + 9*x = 3*s - 506, 4*s + 2*x - 678 = 0. What is the hundreds digit of s?
1
Let t be 5/(-2)*(-8)/10. What is the units digit of 6/(-2 + t + 2)?
3
Let t = -4 - -6. Suppose -10 - 11 = 4*g - 5*a, 3*a - 13 = t*g. What is the units digit of ((-7)/3)/(g/(-3))?
7
Suppose 3*g - 26 = k, 2*g - 11 - 10 = -3*k. What is the units digit of 4/3*g + 2?
4
Let t(s) = -10*s + 14. What is the units digit of t(-5)?
4
Let d be (15 - 0)/1 + 0. Suppose -2*x + 15 = 5*b - 7*x, -b - 5*x = d. Suppose -3*h + 39 - 12 = b. What is the units digit of h?
9
Suppose -2*h - 37 + 7 = 0. What is the units digit of -2 - 0 - h/3?
3
Suppose 5*g + 98 + 272 = 0. What is the tens digit of (0 + g)*6/(-12)?
3
Suppose -b + 8 = 14. Let p = b - -7. Let c = 2 - p. What is the units digit of c?
1
Let p(i) = 3*i**3 - 4*i**2 + 9*i - 10. What is the units digit of p(3)?
2
Suppose -5*u + u = -16. Suppose -5*v + f = -4*v - u, 8 = -v + 4*f. What is the units digit of v/10*(-50)/(-4)?
0
Suppose -4*l + 128 = 2*c + 2*c, 0 = 5*l. Suppose -c = -4*j - 0*j. Suppose -3*p - j + 20 = 0. What is the units digit of p?
4
Suppose -3*c - 4*j = -4, 5*j + 0 = -4*c + 6. What is the units digit of (-6)/(-8) - (-33)/c?
9
Let j = 6 - 2. What is the units digit of (-12 + 1)/((-4)/j)?
1
Let l(k) = -k**2 - 14*k + 4. Let f(h) = h**3 - 6*h**2 - 8*h - 6. Let t be f(7). What is the tens digit of l(t)?
1
What is the units digit of (-8)/3*1701/(-84)?
4
What is the units digit of ((-7)/7)/((-2)/74)?
7
Let p be 50/(-20)*(-4)/5. Suppose p*k + 2*k - 20 = 0. What is the units digit of k?
5
Let c(r) = -r**3 + 14*r**2 - 3*r - 27. What is the units digit of c(12)?
5
Suppose -2 = 2*y - 10. Suppose -2*r + y = -0. Suppose -2 = b + r*f, -44 = -4*b + 5*f + 13. What is the units digit of b?
8
Let t be (252/(-35))/((-3)/20). Suppose 0 = -4*u + u + t. What is the units digit of u?
6
Let h = 135 + -56. What is the tens digit of h?
7
Let g(k) = -k + 14. Let x(o) = o**2 - o - 3. Let s be x(-3). Let w be g(s). Suppose -4*r = -w*r + 6. What is the units digit of r?
6
Let q = 4 + -7. Let m = -5 - -5. What is the tens digit of 10 - q/(m - -3)?
1
Let s(x) = -x**3 - 13*x**2 - 4*x - 19. What is the units digit of s(-13)?
3
Suppose -2*m - 4*t = -59 - 111, t = 2*m - 170. What is the units digit of m?
5
Suppose -2*s + 4 + 2 = 0. Suppose o + s = 0, -4*g + 119 = 5*o + 42. What is the units digit of g?
3
What is the hundreds digit of -2*(-3)/6 - -156?
1
Suppose -2*l + 5 = 4*t - 11, 0 = 5*t + 4*l - 20. Suppose -t = 2*s - 3*s. Suppose s*g - 21 = g. What is the units digit of g?
7
Suppose -5*r = -15, 4*r - 4 = -4*t + 36. Suppose 3*v + 1 = t. Suppose 0 = -2*a + 6 + v. What is the units digit of a?
4
Let o(f) = f**3 - 2*f**2 - f + 3. Suppose -2*t + 18 + 3 = 3*a, 0 = 5*t + 2*a - 25. What is the units digit of o(t)?
9
Let w(b) be the second derivative of b**3/6 + b**2/2 + 3*b. What is the units digit of w(3)?
4
Suppose -20*j + 24*j - 40 = 0. Suppose 6 = -c + j. What is the units digit of c?
4
Let u(h) = h + 7. Let f be u(6). Suppose 5*n - 17 = 28. Let c = f - n. What is the units digit of c?
4
Suppose y - 4*y + 18 = 0. What is the units digit of ((-4)/2)/((-2)/y)?
6
What is the units digit of 103/2 + (-4 - (-22)/4)?
3
Let f be (-3)/(9/(-6) - 0). Suppose f*s - 10 = -3*s. What is the units digit of 3 + (-1)/1 + s?
4
What is the units digit of 4 - 28*(-4)/2?
0
Suppose -2*x + 48 = -4*y, -y - 3*y - 8 = 0. Suppose -3*z + 45 = 4*n, n - 4*z + x = 3*n. What is the units digit of n?
2
Let o(m) = m - 31. Let p(z) = 6. Let l